pose 2*o + 2*h - h = 15, -3*h = -4*o + 35. Suppose 2*j = d - 3*j + 16, 2*j = o. Suppose -6*z = -d*z - 190. List the prime factors of z.
5, 19
Let m be 11/(22/68) + (-1 - -2). Suppose -m*l + 14703 = -6*l. List the prime factors of l.
3, 13
Let k(s) = 25*s**2 + 7*s + 17. Let h = 43 - 46. What are the prime factors of k(h)?
13, 17
Let w(l) = -l**3 - 7*l**2 - 2*l + 6. Let s be w(-7). Suppose 8*c + 1440 = s*c. What are the prime factors of c?
2, 3, 5
Let j(r) be the third derivative of 13*r**4/24 - 19*r**3/3 + 2*r**2 + 29*r. What are the prime factors of j(33)?
17, 23
Let n be 34 + -20 + (-3)/1. Suppose -v + 998 = 5*d, n*d - 7*d - 802 = -2*v. What are the prime factors of d?
199
Let a = 1 + 20. Suppose 4*u = u - 3*o + a, 5*u = 2*o. Suppose -u*r - 324 = -6*r. List the prime factors of r.
3
Let m(a) = -4 + 2*a**3 + 5 - 6*a - 6*a**2 + 1. Let z be 1/4 - 23/(-4). List the prime factors of m(z).
2, 7, 13
Let o(a) = 775*a + 8. Let k be o(1). Suppose i = -v + 384, 0 = 2*v + 3*i + 2*i - k. What are the prime factors of v?
379
Let y = 80 + -147. Let k = y + 63. What are the prime factors of k/(6/24 + 138/(-488))?
2, 61
Let w(r) = -2*r**3 - 17*r**2 - 35*r - 37. Let z(x) = -x**3 - 6*x**2 - 11*x - 12. Let c(n) = -2*w(n) + 7*z(n). List the prime factors of c(-4).
2, 41
Suppose -4*x - 45*p + 7612 = -47*p, 3812 = 2*x - 2*p. What are the prime factors of x?
2, 5, 19
Let h(v) = 19*v - 14. Let j(p) = 57*p - 41. Let o(r) = -8*h(r) + 3*j(r). Suppose 18 = 3*x + 3. List the prime factors of o(x).
2, 3, 7
Suppose -4*x + 5*o + 136208 = 7*o, -o + 2 = 0. What are the prime factors of x?
17, 2003
Let x(a) be the first derivative of 77*a**2/2 - 32*a - 58. List the prime factors of x(7).
3, 13
Let g(h) = 2*h**3 - 17*h**2 - 72*h + 55. List the prime factors of g(18).
5, 983
Suppose 0 = y - 3, -o - y + 3212 + 188 = 0. List the prime factors of o.
43, 79
Let r(c) = 579*c**2 - c - 1. Let p(w) = 4*w**3 - 52*w**2 - 3*w + 40. Let n be p(13). List the prime factors of r(n).
577
Let b(d) be the first derivative of -28*d**2 + d + 67. What are the prime factors of b(-1)?
3, 19
What are the prime factors of (-5)/3 + (-2)/(30/(-38305))?
2, 11, 29
Let k(a) = 108*a**2 + 45*a - 287. What are the prime factors of k(24)?
251
Suppose -6481*t = -6492*t + 43461. List the prime factors of t.
3, 439
Let w = -3062 + 5960. Suppose -8*i - w = -17*i. What are the prime factors of i?
2, 7, 23
Let a(v) = -v**3 + 5*v**2 - 4*v + 4. Let o = -26 - -28. Let x be a(o). Suppose x*p - 665 + 25 = 0. List the prime factors of p.
2, 5
Let k(g) = -2*g**3 - 6*g**2 - 5*g. Let o be k(-3). Suppose 0 = 58*i - 53*i + o. Let a(q) = 8*q**2 - 2*q + 9. What are the prime factors of a(i)?
3, 29
Suppose -1811 + 678 = -y. Let c = 3043 - y. What are the prime factors of c?
2, 5, 191
Let x(j) = j**3 + 29*j**2 - 5*j - 354. List the prime factors of x(-25).
3, 757
Let x = 6071 - -2224. List the prime factors of x.
3, 5, 7, 79
Suppose -24 = 4*n - 36, -2*g + 13891 = 7*n. List the prime factors of g.
5, 19, 73
Let v be (180/35)/(12/56 + 0). What are the prime factors of 0 + 3 - (-335 - v/8)?
11, 31
Let u(g) = 19*g + 186. Let s be u(-10). What are the prime factors of ((-739)/s)/(5*6/240)?
2, 739
Let x(o) be the second derivative of -o**5/20 - o**4/12 + 8*o**2 + o. Let r(i) = -i**2 - 42*i - 185. Let k be r(-37). What are the prime factors of x(k)?
2
Let b = 3744 + 12808. List the prime factors of b.
2, 2069
Let z(m) = -3*m + 11 + 7 - 3 - 2. What are the prime factors of z(3)?
2
Suppose 0 = -3*b - 3*k + 12420, 4*b - 9772 - 6782 = 2*k. Let i = b - 2688. List the prime factors of i.
1451
Let f(i) = 7*i - 9. Let j be f(2). Let p be j + 56/(-42) + (-4)/6. List the prime factors of p*(-1 - (-137)/3).
2, 67
Suppose 0*b - 2*b + 10 = 0. What are the prime factors of 1292/b + (-10)/25?
2, 3, 43
Let m = 166 - 199. List the prime factors of 11/m*(-2 - 1372).
2, 229
Let g(o) = -8*o - 137. Let q be g(-16). List the prime factors of q/6 + 0 - (-22281)/14.
2, 3, 5, 53
List the prime factors of ((-19370)/(-447))/(1/489).
2, 5, 13, 163
Let x(u) = -u**3 - 8*u**2 - 40*u - 42. Let b = -197 - -185. List the prime factors of x(b).
2, 3, 13
Suppose -510*g + 99276 + 6632 = -499*g. List the prime factors of g.
2, 29, 83
Suppose 5*o = u + 31, o = 3*u - 3*o + 126. Let z = u + 67. Suppose -n + z = 6*n. What are the prime factors of n?
3
Let f = -26335 - -53390. List the prime factors of f.
5, 7, 773
Suppose 0 = -24*n + 22*n - 4*b + 10200, 2*b + 15308 = 3*n. List the prime factors of n.
2, 2551
Let q = 10016 - 9320. What are the prime factors of q?
2, 3, 29
Suppose 0 = 5*c + 4*f - 6 - 19, -2*c - 3*f = -10. Suppose 2*m = -m + c*y + 5, -y - 1 = 3*m. List the prime factors of (143 + -2 + m)*6/18.
47
List the prime factors of -17 + (-1918)/(-112) - (-510094)/16.
3, 10627
Let g(f) = -f**2 + 11*f - 6. Let l = -29 + 25. Let q be (25/4 - (-1)/l) + 2. List the prime factors of g(q).
2, 3
Let s(j) = j**3 - 6*j**2 + 16*j - 10. Suppose -11*t = -9*t + 182. Let m = -84 - t. List the prime factors of s(m).
151
Let l = 49269 + 21979. What are the prime factors of l?
2, 61, 73
Suppose 90*p = 4*w + 92*p - 55870, 5*p - 27907 = -2*w. List the prime factors of w.
3, 4657
Let j = 250 + -8. Suppose 0 = -3*s - 6, 3*y + y = 3*s + j. Suppose -4*p + 20 = 0, 2*u = p + 2*p + y. What are the prime factors of u?
37
Let q(j) = -39*j - 316. Let b be q(-8). Let h(s) = s**2 - 7. Let r be h(7). What are the prime factors of 3 + b/1 + r?
41
Let x(h) = 7*h + 16. Let g be x(-3). Let f be (2/g)/(3/(-30)). Suppose f*c = 3*u - 146, -c = -0 + 2. List the prime factors of u.
2, 23
Let l = -45 - -25. Let y(m) = m**2 - 24*m + 69. Let r be y(25). Let b = l + r. List the prime factors of b.
2, 37
Suppose 2*h - 1354 = b - 138, 4*h + 5*b - 2460 = 0. Suppose -3*v = -2*q - h, -q = 3*q - 4. Let o = v + -72. List the prime factors of o.
2, 3, 11
List the prime factors of (9/6 + -2)*(-1309616)/88.
7, 1063
Let l = 163 + -150. Suppose 3*o + 4*v = 318, 4*o - 10*v + l*v = 424. What are the prime factors of o?
2, 53
Let c = 142 + -133. Suppose -840 = -c*x - x. What are the prime factors of x?
2, 3, 7
Let w(z) = 420*z - 447. What are the prime factors of w(17)?
3, 23, 97
Let z(s) = 15 - 18 - 13*s - 9*s - 6*s. Suppose -2*h - 19 = 3*i, -5*i = 2*h + 19 + 6. What are the prime factors of z(i)?
3
Suppose -6*u - 2 = -2. Suppose -2*l = -0*n - 5*n + 63, u = 4*n - 3*l - 49. Suppose 770 = n*o - 3*o. List the prime factors of o.
7, 11
Suppose 23935 - 61307 = -4*d. List the prime factors of d.
9343
Let a = 39819 + -19866. What are the prime factors of a?
3, 739
What are the prime factors of 60*((-245)/(-98) + -1 + (-997)/(-10))?
2, 3, 11, 23
Suppose -4*c - 188 = 372. Let w be (-2)/14 - (-5 + c/(-49)). What are the prime factors of ((-2)/w)/((-6)/78)?
13
List the prime factors of 84/(-21) + 1 + (-24157)/(-1).
2, 13, 929
Let p be 3 - ((-72)/(-1) - 2). Let x = 72 + p. Suppose 3*a = x*z - 2*z + 384, -5*a = 3*z - 624. List the prime factors of a.
2, 3, 7
Suppose -16*p + 15*p + 865 = 0. Suppose 4494 = 23*f - p. What are the prime factors of f?
233
Let j = 563 + -37. List the prime factors of j.
2, 263
Let c(l) = -l**3 + 3*l**2 + 2*l + 1. Let g(w) = -78*w**3 + 18*w**2 - 15*w + 62. Let d(h) = 6*c(h) - g(h). What are the prime factors of d(2)?
2, 7, 41
Let n(g) = -3*g + 45. Let o be n(9). Suppose 8 = 22*p - o*p. What are the prime factors of (-62)/4*(-9 - (1 - p))?
2, 31
Suppose -10*m + 13038 = -4362. What are the prime factors of m?
2, 3, 5, 29
Let u be 132707/15 + -4*6/180. Suppose -306*g = -297*g - u. List the prime factors of g.
983
Let i(j) = -j**3 - 2*j**2 - 3*j - 5. Let z be i(-5). Suppose 1457 = 6*k + 89. Let r = k - z. List the prime factors of r.
11, 13
Let h be (-15)/(-45) + 2355/9. Let k = h - 9. What are the prime factors of k?
11, 23
What are the prime factors of ((-640)/5)/(8360/1395 - 6)?
2, 3, 31
Let q = 208 - 211. Let g(b) = 29*b**2 - 4*b + 8. List the prime factors of g(q).
281
Let g(k) = k**2 + k. Let v(o) = -o**3 + o**2 + 4*o - 12. Let f(a) = 6*g(a) - v(a). Let x be f(-5). List the prime factors of x/3*(598/4 + 5).
103
Suppose 399 - 2570 = -g. List the prime factors of g/(-39)*-3*2.
2, 167
Let g(i) = -3*i + 66. Let j be g(17). Suppose 0 = -j*o + 12*o + 738. List the prime factors of o.
2, 3, 41
Let r(h) = -h**3 + 8*h**2 + 